{"id":2010,"date":"2020-05-11T13:52:01","date_gmt":"2020-05-11T18:52:01","guid":{"rendered":"http:\/\/www.halvet.com\/wp\/?post_type=product&#038;p=2010"},"modified":"2023-07-07T11:06:16","modified_gmt":"2023-07-07T17:06:16","slug":"escuderm-tabletas","status":"publish","type":"product","link":"https:\/\/www.halvet.com\/catalogo\/https:\/www.halvet.com\/catalogo\/wp-content\/uploads\/2024\/03\/TC-001-LP-2024-DESCARGA.pdf\/escuderm-tabletas\/","title":{"rendered":"Escuderm Tabletas"},"content":{"rendered":"<p>ESCUDERM TABLETAS<br \/>\nRegistro No.: Q-6642-054<br \/>\nSHAMPOO ANTIMICOTICO<br \/>\nF\u00d3RMULA:<br \/>\nCada tableta contiene:<br \/>\nKetoconazol base\u2026\u2026\u2026.\u2026\u2026\u2026\u2026\u2026\u2026\u2026\u2026&#8230;&#8230;&#8230;\u2026100 mg<br \/>\nExcipiente c.b.p. .\u2026\u2026.\u2026\u2026\u2026.\u2026&#8230;.\u2026.\u2026\u2026\u2026\u2026\u2026..1 tableta<br \/>\nV\u00cdA DE ADMINISTRACI\u00d3N: ORAL.<br \/>\nPRESENTACI\u00d3N: 30 tabletas.<\/p>\n","protected":false},"excerpt":{"rendered":"<p>ESCUDERM TABLETAS Registro No.: Q-6642-054 SHAMPOO ANTIMICOTICO F\u00d3RMULA: Cada tableta contiene: Ketoconazol base\u2026\u2026\u2026.\u2026\u2026\u2026\u2026\u2026\u2026\u2026\u2026&#8230;&#8230;&#8230;\u2026100 mg Excipiente c.b.p. .\u2026\u2026.\u2026\u2026\u2026.\u2026&#8230;.\u2026.\u2026\u2026\u2026\u2026\u2026..1 tableta V\u00cdA DE ADMINISTRACI\u00d3N: ORAL. PRESENTACI\u00d3N: 30 tabletas.<\/p>\n","protected":false},"featured_media":2011,"comment_status":"closed","ping_status":"closed","template":"","meta":[],"product_cat":[72,62],"product_tag":[112],"_links":{"self":[{"href":"https:\/\/www.halvet.com\/catalogo\/wp-json\/wp\/v2\/product\/2010"}],"collection":[{"href":"https:\/\/www.halvet.com\/catalogo\/wp-json\/wp\/v2\/product"}],"about":[{"href":"https:\/\/www.halvet.com\/catalogo\/wp-json\/wp\/v2\/types\/product"}],"replies":[{"embeddable":true,"href":"https:\/\/www.halvet.com\/catalogo\/wp-json\/wp\/v2\/comments?post=2010"}],"wp:featuredmedia":[{"embeddable":true,"href":"https:\/\/www.halvet.com\/catalogo\/wp-json\/wp\/v2\/media\/2011"}],"wp:attachment":[{"href":"https:\/\/www.halvet.com\/catalogo\/wp-json\/wp\/v2\/media?parent=2010"}],"wp:term":[{"taxonomy":"product_cat","embeddable":true,"href":"https:\/\/www.halvet.com\/catalogo\/wp-json\/wp\/v2\/product_cat?post=2010"},{"taxonomy":"product_tag","embeddable":true,"href":"https:\/\/www.halvet.com\/catalogo\/wp-json\/wp\/v2\/product_tag?post=2010"}],"curies":[{"name":"wp","href":"https:\/\/api.w.org\/{rel}","templated":true}]}}