{"id":2015,"date":"2020-05-12T09:53:05","date_gmt":"2020-05-12T14:53:05","guid":{"rendered":"http:\/\/www.halvet.com\/wp\/?post_type=product&#038;p=2015"},"modified":"2023-07-07T11:41:00","modified_gmt":"2023-07-07T17:41:00","slug":"carprotec","status":"publish","type":"product","link":"https:\/\/www.halvet.com\/catalogo\/https:\/www.halvet.com\/catalogo\/wp-content\/uploads\/2024\/03\/TC-001-LP-2024-DESCARGA.pdf\/carprotec\/","title":{"rendered":"Carprotec"},"content":{"rendered":"<p>CARPROTEC<br \/>\nRegistro No.: Q-6642-094<br \/>\nANTIINFLAMATORIO NO ESTEROIDAL  (AINE)<br \/>\nF\u00d3RMULA:<br \/>\nCADA TABLETA CONTIENE:<br \/>\nCarprofeno\u2026\u2026\u2026\u2026\u2026\u2026\u2026..25 mg<br \/>\nExcipiente, c.b.p.\u2026\u2026\u2026\u2026 1 tableta<br \/>\nV\u00cdA DE ADMINISTRACI\u00d3N: ORAL.<br \/>\nPRESENTACI\u00d3N: 20 TABLETAS<\/p>\n","protected":false},"excerpt":{"rendered":"<p>CARPROTEC Registro No.: Q-6642-094 ANTIINFLAMATORIO NO ESTEROIDAL (AINE) F\u00d3RMULA: CADA TABLETA CONTIENE: Carprofeno\u2026\u2026\u2026\u2026\u2026\u2026\u2026..25 mg Excipiente, c.b.p.\u2026\u2026\u2026\u2026 1 tableta V\u00cdA DE ADMINISTRACI\u00d3N: ORAL. PRESENTACI\u00d3N: 20 TABLETAS<\/p>\n","protected":false},"featured_media":2016,"comment_status":"closed","ping_status":"closed","template":"","meta":[],"product_cat":[69,62],"product_tag":[106],"_links":{"self":[{"href":"https:\/\/www.halvet.com\/catalogo\/wp-json\/wp\/v2\/product\/2015"}],"collection":[{"href":"https:\/\/www.halvet.com\/catalogo\/wp-json\/wp\/v2\/product"}],"about":[{"href":"https:\/\/www.halvet.com\/catalogo\/wp-json\/wp\/v2\/types\/product"}],"replies":[{"embeddable":true,"href":"https:\/\/www.halvet.com\/catalogo\/wp-json\/wp\/v2\/comments?post=2015"}],"wp:featuredmedia":[{"embeddable":true,"href":"https:\/\/www.halvet.com\/catalogo\/wp-json\/wp\/v2\/media\/2016"}],"wp:attachment":[{"href":"https:\/\/www.halvet.com\/catalogo\/wp-json\/wp\/v2\/media?parent=2015"}],"wp:term":[{"taxonomy":"product_cat","embeddable":true,"href":"https:\/\/www.halvet.com\/catalogo\/wp-json\/wp\/v2\/product_cat?post=2015"},{"taxonomy":"product_tag","embeddable":true,"href":"https:\/\/www.halvet.com\/catalogo\/wp-json\/wp\/v2\/product_tag?post=2015"}],"curies":[{"name":"wp","href":"https:\/\/api.w.org\/{rel}","templated":true}]}}